{"id":105,"date":"2013-03-07T14:34:16","date_gmt":"2013-03-07T13:34:16","guid":{"rendered":"http:\/\/www.kage.nl\/newcms\/wp\/?page_id=105"},"modified":"2019-12-13T12:15:43","modified_gmt":"2019-12-13T11:15:43","slug":"financiele-administratie","status":"publish","type":"page","link":"https:\/\/www.kage.nl\/index.php\/diensten\/administratie-en-advies\/financiele-administratie\/","title":{"rendered":"Financi\u00eble administratie"},"content":{"rendered":"<h2>Het verzorgen van de financi\u00eble administratie<\/h2>\n<p>Als ondernemer heeft u te maken met een financi\u00eble administratie. Deze dient in beginsel dagelijks te worden bijgehouden, maar over het algemeen geldt dat de verwerking van uw facturen, bankafschriften en kas mutaties periodiek plaats vindt.<\/p>\n<p>De meeste ondernemers kiezen ervoor deze financi\u00eble administratie uit te besteden aan een accountants- of administratiekantoor, omdat over onvoldoende kennis of tijd beschikt wordt dit zelf uit te voeren.<\/p>\n<p>Kage Consult! neemt de zorg voor uw financi\u00eble administratie graag van u over. Het verwerken van uw boekhouding kan desgewenst bij u op kantoor plaatsvinden, maar de meeste ondernemers brengen de benodigde administratieve bescheiden periodiek bij ons op kantoor, waarna wij deze voor u in ons administratieve systeem zullen verwerken.<\/p>\n<h2><a title=\"Omzetbelasting\" href=\"https:\/\/www.kage.nl\/index.php\/diensten\/administratie-en-advies\/omzetbelasting\/\">Omzetbelasting<\/a><\/h2>\n<p>Onderdeel van het verwerken van de financi\u00eble administratie is de omzetbelasting. Afhankelijk van de omvang van uw onderneming zult u maandelijks, per kwartaal of jaarlijks een aangifte omzetbelasting bij de Belastingdienst moeten indienen. <strong><a title=\"Omzetbelasting\" href=\"https:\/\/www.kage.nl\/index.php\/diensten\/administratie-en-advies\/omzetbelasting\/\">Lees verder\u2026<\/a><\/strong><\/p>\n<h2><a title=\"Inkomstenbelasting\" href=\"https:\/\/www.kage.nl\/index.php\/diensten\/administratie-en-advies\/inkomstenbelasting\/\">Inkomstenbelasting voor ondernemers<\/a><\/h2>\n<p>Jaarlijks zal de financi\u00eble administratie worden afgesloten. Voor IB-ondernemers geldt dat een aangifte inkomstenbelasting ingediend moet worden. Ook het verzorgen van deze aangifte inkomstenbelasting voor ondernemers is \u00e9\u00e9n van de diensten van Kage waarover u op deze website ge\u00efnformeerd wordt. <a title=\"Inkomstenbelasting\" href=\"https:\/\/www.kage.nl\/index.php\/diensten\/administratie-en-advies\/inkomstenbelasting\/\"><strong>Lees verder\u2026<\/strong><\/a><\/p>\n<h2><a title=\"Jaarrekening\" href=\"https:\/\/www.kage.nl\/index.php\/diensten\/administratie-en-advies\/jaarrekening\/\">Jaarrekening voor rechtspersonen<\/a><\/h2>\n<p>Voor rechtspersonen (BV&#8217;s) geldt de verplichting tot het opmaken van een jaarrekening, alsmede het publiceren hiervan bij de Kamer van Koophandel. Ook krijgt u te maken met een aangifte vennootschapsbelasting en eventueel ook dividendbelasting. <strong><a title=\"Jaarrekening\" href=\"https:\/\/www.kage.nl\/index.php\/diensten\/administratie-en-advies\/jaarrekening\/\">Lees verder\u2026<\/a><\/strong><\/p>\n<h2>Wat kost mijn administratie?<\/h2>\n<p>Het (laten) verwerken van de financi\u00eble administratie brengt kosten met zich mee. De hoogte hiervan is afhankelijk van een aantal punten, waaronder:<\/p>\n<ul>\n<li>Omvang van uw onderneming, aantal mutaties per jaar<\/li>\n<li>Keuze van zelf doen, accountantskantoor of administratiekantoor<\/li>\n<li>Mate van rapportage<\/li>\n<li>Wijze van bewaren en aanleveren (hoe netter hoe beter)<\/li>\n<\/ul>\n<h2><a title=\"Tarieven overzicht\" href=\"https:\/\/www.kage.nl\/index.php\/over-kage\/tarieven\/tarieven-overzicht\/\">Vaste prijsafspraak mogelijk<\/a><\/h2>\n<p>Als startende ondernemer komt er administratief flink wat bij kijken, terwijl de aandacht juist op de nieuwe onderneming gevestigd moet worden. Om deze reden alleen al is een administratiekantoor een uitkomst.<\/p>\n<p>Maar ook voor de reeds gevestigde en ervaren ondernemer biedt Kage uitstekende administratieve diensten aan. De zorg over uw financi\u00eble administratie en omzetbelasting per maand, kwartaal of jaar en uiteraard ook de jaarlijkse aangifte inkomstenbelasting nemen wij graag uit uw handen.<\/p>\n<p>Wanneer u ervoor kiest uw administratie door Kage te laten verwerken zullen de kosten hiervoor vooraf duidelijk zijn. Kage werkt over het algemeen met vaste prijsafspraken, zodat u niet voor verrassingen komt te staan. In deze vaste prijs zijn ook de overige benodigde diensten opgenomen.<a title=\"Tarieven overzicht\" href=\"https:\/\/www.kage.nl\/index.php\/over-kage\/tarieven\/tarieven-overzicht\/\"> <strong>Lees verder\u2026<\/strong><\/a><\/p>\n<p>Graag brengen wij u geheel vrijblijvend een <a title=\"Offerte\" href=\"https:\/\/www.kage.nl\/index.php\/over-kage\/tarieven\/offerte\/\">offerte<\/a> uit. U kunt dan in ieder geval een vergelijking maken met uw huidige dienstverlener, zodat u weet of u niet teveel betaalt.<\/p>\n","protected":false},"excerpt":{"rendered":"<p>Het verzorgen van de financi\u00eble administratie Als ondernemer heeft u te maken met een financi\u00eble administratie. Deze dient in beginsel dagelijks te worden bijgehouden, maar over het algemeen geldt dat de verwerking van uw facturen, bankafschriften en kas mutaties periodiek plaats vindt. De meeste ondernemers kiezen ervoor deze financi\u00eble administratie&#8230;<\/p>\n","protected":false},"author":1,"featured_media":0,"parent":54,"menu_order":0,"comment_status":"closed","ping_status":"closed","template":"","meta":{"_monsterinsights_skip_tracking":false,"_monsterinsights_sitenote_active":false,"_monsterinsights_sitenote_note":"","_monsterinsights_sitenote_category":0,"footnotes":""},"class_list":["post-105","page","type-page","status-publish","hentry"],"_links":{"self":[{"href":"https:\/\/www.kage.nl\/index.php\/wp-json\/wp\/v2\/pages\/105","targetHints":{"allow":["GET"]}}],"collection":[{"href":"https:\/\/www.kage.nl\/index.php\/wp-json\/wp\/v2\/pages"}],"about":[{"href":"https:\/\/www.kage.nl\/index.php\/wp-json\/wp\/v2\/types\/page"}],"author":[{"embeddable":true,"href":"https:\/\/www.kage.nl\/index.php\/wp-json\/wp\/v2\/users\/1"}],"replies":[{"embeddable":true,"href":"https:\/\/www.kage.nl\/index.php\/wp-json\/wp\/v2\/comments?post=105"}],"version-history":[{"count":20,"href":"https:\/\/www.kage.nl\/index.php\/wp-json\/wp\/v2\/pages\/105\/revisions"}],"predecessor-version":[{"id":665,"href":"https:\/\/www.kage.nl\/index.php\/wp-json\/wp\/v2\/pages\/105\/revisions\/665"}],"up":[{"embeddable":true,"href":"https:\/\/www.kage.nl\/index.php\/wp-json\/wp\/v2\/pages\/54"}],"wp:attachment":[{"href":"https:\/\/www.kage.nl\/index.php\/wp-json\/wp\/v2\/media?parent=105"}],"curies":[{"name":"wp","href":"https:\/\/api.w.org\/{rel}","templated":true}]}}